- 60. Determine w(a).
-2
Let v(x) = x**2 - 1942 - 1937 + 14*x + 3880. What is v(-12)?
-23
Let k(z) = 2*z**2 - 20*z - 49. Let p be k(12). Let v(r) = 55*r**2 - r - 1. Determine v(p).
55
Suppose 61*m - 48 = 37*m. Let o(d) be the first derivative of 9 + 0*d - 1/2*d**m + 1/3*d**3. Calculate o(1).
0
Let u(y) = -y**2 - 6*y - 5 - 6*y - 5*y**2 + 5*y**2. Determine u(-10).
15
Let u(v) = 11*v**2 - 4*v + 5. Let g(r) = -r + 1. Let w(o) = 4*g(o) - u(o). Suppose 9 = -q - 4*c, -c = -4*q - 10 + 8. Give w(q).
-12
Let h(y) be the second derivative of 4*y**3/3 + y**2 - 298*y. What is h(4)?
34
Let u(f) = 2*f**2 - 7*f + 5. Let w(v) = -2*v**2 - 6 - 2*v**2 - 3 + v**2 + 13*v. Let g(c) = -5*u(c) - 3*w(c). Calculate g(-4).
2
Let x(o) = o - 1. Suppose 4*z = 5*y - 7, -5 = -4*y - 4*z + 7*z. Let s be 4*(y/6)/(10/15). Determine x(s).
-2
Let g(o) = 2*o**2 - 3*o + 4. Let x = 1465 - 1462. Give g(x).
13
Let k(d) = -d**2 - 11*d + 7. Let m be k(-11). Let c(b) = -8*b + 3 + m*b + 0*b. Calculate c(-5).
8
Let u(w) = -3*w + 8. Let z(o) = 10*o - 30. Let v(f) = 7*u(f) + 2*z(f). What is v(-3)?
-1
Let p be (160/(-360))/((-4)/3). Let i(n) be the second derivative of 5*n - 9/20*n**5 + 1/6*n**4 + 0 + 1/2*n**2 - p*n**3. What is i(1)?
-8
Let l(t) = t + 3. Let y be 4*(74/40 - (-2)/5). Suppose -r + 2*r + y = 0. Calculate l(r).
-6
Let u(r) = 0 - 3 + 5*r - 4*r. Let s(p) = -p**3 + p**2 + p + 3. Suppose 3*a = -2*m - 6, 0*a - 5*a - 3 = m. Let x be s(a). Calculate u(x).
0
Let s(b) = 2*b + 1. Let a be s(-1). Let t be 8/(-6)*1*36/24. Let w(p) = -6*p + 1. Let o(j) = 14*j - 2. Let i(u) = t*o(u) - 5*w(u). What is i(a)?
-3
Let v = 11 - 9. Suppose v = -d + 2*g - 0, 5*d - 2*g + 2 = 0. Let o(n) = -n**2 - n - 5. Give o(d).
-5
Let k(q) = 5*q + 39. Let l be k(-7). Let c(u) = -4*u**3 - u. Let g be c(-1). Let a(m) = -5*m**3 - m**3 - 5 - 4*m + g*m**2 + 5*m**3. Determine a(l).
-5
Let y(i) = 2*i**3 + 2*i**2 + 2*i. Suppose 4*j + 15 = -j, 3*c - 4*j = 6. What is y(c)?
-12
Let y(u) = u + 12. Let d = 11 + 14. Let h = 20 - d. Calculate y(h).
7
Let v(x) = -x**3 + 11*x**2 - 11*x + 18. Let k be (-25)/(-3) + (-80)/(-48). Give v(k).
8
Let f(c) = -4*c - 15. Let v be 37/(-13) - 4/26. Let u(i) = -2*i - 7. Let a(j) = v*f(j) + 5*u(j). Calculate a(-7).
-4
Let i = 384 + -397. Let a(f) = -f**3 - 14*f**2 - 14*f + 11. Determine a(i).
24
Let d(p) = 9*p**2 + 56*p + 11. Let n be d(-6). Let c(m) = 2*m**2 - 3*m - 2. Let f(k) = 3*k**2 - 4*k - 3. Let v(z) = 4*c(z) - 3*f(z). What is v(n)?
0
Let t(c) = 16*c - 586. Let a be t(37). Let f(v) = -v**3 + 6*v**2 + 5*v + 3. What is f(a)?
33
Suppose 0 = 2*g + 3*b - 11 - 14, -2*g - 4*b + 30 = 0. Let y(w) = -w**2 - g + w + 4 + 0*w - 5*w. Give y(-5).
-6
Let h(j) = 6*j + 184*j**2 + 3 - 532*j**2 + 3 + 172*j**2 + 178*j**2. Suppose -3*a + 2*z + 1 - 7 = 0, -23 = 5*a + z. Give h(a).
14
Let q(m) = m**2 + 16*m + 20. Let u be q(-15). Suppose 3*b + 1 = -4*i + 8*i, -3*i - 21 = u*b. Let w(t) = -t**3 - 4*t**2 - 3*t + 3. Give w(b).
3
Let k(b) = -14*b - 27. Let g(t) = 5*t + 10. Let i(l) = 11*g(l) + 4*k(l). Determine i(3).
-1
Let r(n) = -5*n - 17. Let v(s) = -2*s - 2. Let y(u) = r(u) - 4*v(u). Determine y(6).
9
Let o(u) = -u**2 + 4*u + 18. Let i be o(4). Let b(p) = p - 26. Give b(i).
-8
Let s(n) = -n**2 - n**3 + 0*n - 2*n**2 - 5*n**2 - 5 + 0*n**3 - 10*n. Determine s(-7).
16
Let s(x) = -x**2 - x + 32. Let w be s(-6). Let o(g) = -8*g + 2. Calculate o(w).
-14
Let i be (-6)/15 - ((-98)/10)/7. Let q(l) = 7*l**2 + l. Calculate q(i).
8
Suppose 45 = 5*n - 60. Suppose -4*p - 4 = -4*k, -4*k + k - 3*p + n = 0. Let z(w) = 2*w**2 - 4*w + 5. Calculate z(k).
21
Let h(o) = -12*o + 45. Let w(a) = 3*a + 3. Let j be w(-4). Let b(f) be the first derivative of -3*f**2/2 + 11*f + 49. Let p(k) = j*b(k) + 2*h(k). Give p(6).
9
Suppose 18 = 6*s - 4*s. Let f = s - 6. Let p(c) = -c**3 + 5*c**2 - 4*c - 1. What is p(f)?
5
Let o be (-36)/(-21)*((-25)/10 - -6). Let a(w) = 0 - 7*w**2 - 2 + 9 + 3*w + 3*w**3 - 2*w**3. Calculate a(o).
-11
Let v(b) = 2*b**2 + 25. Let p(j) = -j**2 - 5. Let k(n) = -3*p(n) - v(n). Determine k(-4).
6
Let z(g) = -2*g**2 - 4*g - 1. Let q be (-3 - 6)*28/126. Determine z(q).
-1
Let l be (9/(-12))/((-48)/640). Let t(a) = -2*a + 10. Give t(l).
-10
Let b(n) be the third derivative of n**6/120 + n**5/30 - n**4/12 - n**3/3 + 415*n**2. Calculate b(-3).
-5
Let s = 24 + -27. Let a be 0/((-7 - 2)/s). Let k(j) = j**3 - j - 8. Give k(a).
-8
Let n(h) = -h**3 - 3*h**2 + 3*h - 2. Let r be n(-4). Suppose 0 = d - 0*d - r. Let g(q) = 3*q**3 - q**d - 2*q**3 + 5*q + 6 - 5*q**2. Calculate g(5).
6
Let o(q) = -q**2 + 18*q + 10*q - 14 + 8*q + 15*q - 64*q. Suppose -48 = 3*n - 5*t, -2*n - t = 3*t + 10. Calculate o(n).
8
Let m(p) be the first derivative of -p**2/2 + p - 1. Let c be (-3)/(-4) + 9/(-12). Suppose 5*o + 4*z = -c*o - 20, 0 = -o - 2*z - 4. Give m(o).
5
Let g(o) = 2*o - 43. Let x(f) = 2*f - 44. Let t(c) = -5*g(c) + 4*x(c). Let s be t(22). Let z(a) = -a - 11. Determine z(s).
-6
Let d(k) = -6*k**2 - 30*k - 3. Let j be d(-5). Let m(x) = x**2 + x. Determine m(j).
6
Suppose 0 = -f + 3*l + 3, 17 = -3*f - 4*l - 0. Let w(x) be the second derivative of x**4/12 + x**3/3 - 3*x**2/2 + 34*x. Determine w(f).
0
Let a(i) be the second derivative of -i**7/168 - i**6/360 - i**3 + 20*i. Let d(o) be the second derivative of a(o). Calculate d(1).
-6
Let x(f) = -f - 2. Suppose 0*n = -n - 9. Suppose -6*u = -3*z - 3*u - 21, 5*u - 25 = 0. Let j = n - z. Calculate x(j).
5
Let h(g) = 3*g + 591*g**2 - g + 1 - g - 592*g**2. Give h(-2).
-5
Let l(p) = p**2 + 6*p + 1. Let z(b) = -3*b - 2. Let c be z(-6). Suppose 2*y + 2*y + c = 0. What is l(y)?
-7
Let t(d) = -4*d - 5. Suppose 3*w + 18 = 5*w + 4*f, -2*w = -5*f + 9. Let y(h) = -5 + w - h**2 - 2 + 5. Let k(s) = t(s) + 2*y(s). Calculate k(-2).
-3
Let f be (-7*(-5)/(-10) + 0)*2. Let k(n) = 4*n**2 + 6*n + 6. Let b(l) = -3*l**2 - 6*l - 6. Let t(x) = 3*b(x) + 2*k(x). Calculate t(f).
-13
Suppose 3*i - 3*n = -36, 193*i - 194*i - 2*n - 27 = 0. Let m(x) = -x**3 - 18*x**2 - 19*x - 15. What is m(i)?
19
Suppose 14*v - 2*d = 10*v - 42, 5*v + d = -35. Let h(k) = -k**3 - 7*k**2 + 7*k + 6. Give h(v).
14
Let o(c) = -2*c - 7. Let d(p) = 10*p + 31. Let m(l) = 2*d(l) + 9*o(l). Determine m(-9).
-19
Let l(o) be the third derivative of o**4/24 + 2*o**3/3 - 2*o**2. Let b(q) = -59*q - 422. Let v be b(-7). Calculate l(v).
-5
Let v(h) = 11*h - 32. Let m(t) = -14*t + 31. Let p(w) = -5*m(w) - 6*v(w). Give p(-7).
9
Suppose 0 = 10*u - 14*u - 2*l - 24, u = -4*l - 13. Let w(f) = -f**3 - 6*f**2 + 6. What is w(u)?
-19
Let j(x) = x + 6. Let o be j(-3). Let i be (-1)/(-3)*o*0. Let m(p) = p**3 + p**2 + p + 1. Let k(q) = q**3 + q**2 + q + 2. Let d(y) = 6*k(y) - 5*m(y). Give d(i).
7
Let w(q) = -q**3 - 8*q**2 + q + 11. Let d be w(-8). Suppose 11 = -2*f + d. Let r(z) = 2*z**2 + 7*z + 4. Calculate r(f).
8
Let s(o) = 5*o - 69177 + 69166 + 8*o. Calculate s(6).
67
Let s(j) = j**3 - 21*j**2 + 20*j - 7. Let w be s(20). Let x(z) = -3*z - 8. Calculate x(w).
13
Let s(t) = 4*t + 18. Let d(v) = v + 3. Let p(b) = -6*d(b) + 2*s(b). Calculate p(-7).
4
Let u(o) = -o**3 + 8*o**2 - 8*o + 9. Suppose -2*x = -5*x + 21. Let g be u(x). Let y(a) be the second derivative of -a**3/2 + 2*a + 20. What is y(g)?
-6
Let k be (3 + (-314)/10)*15. Let s be k/4 + (-6)/(-4). Let n be 1/4 - s/28. Let y(d) = d**3 - 5*d**2 + d. Calculate y(n).
-12
Let c(b) be the third derivative of 0 + 1/60*b**5 + 1/4*b**4 - 5/6*b**3 + 0*b + 19*b**2. Let t be 50/(-8) - 2/(-8). Give c(t).
-5
Let z(k) = -k + 6. Let w be 9/(-10 + 2 + 7). Give z(w).
15
Suppose 0 = -j - 2*c - 8, j + 5*c - 258 = -278. Let l(r) be the first derivative of -r**4/4 - r**3/3 - 4*r + 1. Calculate l(j).
-4
Let l(g) = 14*g**2 - 10*g**2 + 14 + g**3 - g**2. Let a(j) = -j**3 - j**2. Let v(o) = 2*a(o) + l(o). Calculate v(0).
14
Let p(f) = f**2 - 5*f + 3. Suppose 5*i + 10 = -0*t - 3*t, 5*t = -5*i. Let k be p(t). Let m(a) = -67*a + 2*a**3 + k*a**2 + 64*a - 4*a**3 + 3 + 0. Determine m(2).
-7
Let b = 18 - 8. Suppose 3*v = -2*o + 18 + b, 3*o = -5*v + 45. Let w(f) = -f**3 + 6*f**2 - 2. Give w(v).
-2
Let o = -238 - -234. Let g(l) = 2*l - l + 0*l - 2. Calculate g(o).
-6
Let s(f) be the first derivative of -f**2/2 + 7*f + 2. Suppose 27*l - 31*l = 452. Let q = l - -113. What is s(q)?
7
Let u(p) be the third derivative of -p**4/24 - 7*p**3/3 - 2*p**2 + 10. What is u(-6)?
